{"id":253,"date":"2020-01-25T09:56:55","date_gmt":"2020-01-25T09:56:55","guid":{"rendered":"https:\/\/demo.shadow-themes.com\/wp\/ashade\/?page_id=253"},"modified":"2023-10-15T20:33:03","modified_gmt":"2023-10-15T18:33:03","slug":"about-me","status":"publish","type":"page","link":"http:\/\/kapi-stg.pl\/index.php\/about-me\/","title":{"rendered":"O nas"},"content":{"rendered":"\t\t<div data-elementor-type=\"wp-page\" data-elementor-id=\"253\" class=\"elementor elementor-253\">\n\t\t\t\t\t\t\t\t\t<section class=\"elementor-section elementor-top-section elementor-element elementor-element-c28a475 elementor-section-height-min-height elementor-section-items-stretch elementor-section-boxed elementor-section-height-default\" data-id=\"c28a475\" data-element_type=\"section\" data-settings=\"{&quot;background_background&quot;:&quot;classic&quot;}\">\n\t\t\t\t\t\t<div class=\"elementor-container elementor-column-gap-default\">\n\t\t\t\t\t<div class=\"elementor-column elementor-col-50 elementor-top-column elementor-element elementor-element-f3cd94c\" data-id=\"f3cd94c\" data-element_type=\"column\">\n\t\t\t<div class=\"elementor-widget-wrap elementor-element-populated\">\n\t\t\t\t\t\t\t\t<div class=\"elementor-element elementor-element-b60468e elementor-hidden-desktop elementor-hidden-phone elementor-widget elementor-widget-spacer\" data-id=\"b60468e\" data-element_type=\"widget\" data-widget_type=\"spacer.default\">\n\t\t\t\t<div class=\"elementor-widget-container\">\n\t\t\t<style>\/*! elementor - v3.9.2 - 21-12-2022 *\/\n.elementor-column .elementor-spacer-inner{height:var(--spacer-size)}.e-con{--container-widget-width:100%}.e-con-inner>.elementor-widget-spacer,.e-con>.elementor-widget-spacer{width:var(--container-widget-width,var(--spacer-size));--align-self:var(--container-widget-align-self,initial);--flex-shrink:0}.e-con-inner>.elementor-widget-spacer>.elementor-widget-container,.e-con-inner>.elementor-widget-spacer>.elementor-widget-container>.elementor-spacer,.e-con>.elementor-widget-spacer>.elementor-widget-container,.e-con>.elementor-widget-spacer>.elementor-widget-container>.elementor-spacer{height:100%}.e-con-inner>.elementor-widget-spacer>.elementor-widget-container>.elementor-spacer>.elementor-spacer-inner,.e-con>.elementor-widget-spacer>.elementor-widget-container>.elementor-spacer>.elementor-spacer-inner{height:var(--container-widget-height,var(--spacer-size))}<\/style>\t\t<div class=\"elementor-spacer\">\n\t\t\t<div class=\"elementor-spacer-inner\"><\/div>\n\t\t<\/div>\n\t\t\t\t<\/div>\n\t\t\t\t<\/div>\n\t\t\t\t<div class=\"elementor-element elementor-element-7ce660a elementor-widget elementor-widget-heading\" data-id=\"7ce660a\" data-element_type=\"widget\" data-widget_type=\"heading.default\">\n\t\t\t\t<div class=\"elementor-widget-container\">\n\t\t\t<style>\/*! elementor - v3.9.2 - 21-12-2022 *\/\n.elementor-heading-title{padding:0;margin:0;line-height:1}.elementor-widget-heading .elementor-heading-title[class*=elementor-size-]>a{color:inherit;font-size:inherit;line-height:inherit}.elementor-widget-heading .elementor-heading-title.elementor-size-small{font-size:15px}.elementor-widget-heading .elementor-heading-title.elementor-size-medium{font-size:19px}.elementor-widget-heading .elementor-heading-title.elementor-size-large{font-size:29px}.elementor-widget-heading .elementor-heading-title.elementor-size-xl{font-size:39px}.elementor-widget-heading .elementor-heading-title.elementor-size-xxl{font-size:59px}<\/style><h2 class=\"elementor-heading-title elementor-size-default\"><span>O tym gdzie i<\/span>\nKim jeste\u015bmy<\/h2>\t\t<\/div>\n\t\t\t\t<\/div>\n\t\t\t\t<div class=\"elementor-element elementor-element-88333bf elementor-widget elementor-widget-text-editor\" data-id=\"88333bf\" data-element_type=\"widget\" data-widget_type=\"text-editor.default\">\n\t\t\t\t<div class=\"elementor-widget-container\">\n\t\t\t<style>\/*! elementor - v3.9.2 - 21-12-2022 *\/\n.elementor-widget-text-editor.elementor-drop-cap-view-stacked .elementor-drop-cap{background-color:#818a91;color:#fff}.elementor-widget-text-editor.elementor-drop-cap-view-framed .elementor-drop-cap{color:#818a91;border:3px solid;background-color:transparent}.elementor-widget-text-editor:not(.elementor-drop-cap-view-default) .elementor-drop-cap{margin-top:8px}.elementor-widget-text-editor:not(.elementor-drop-cap-view-default) .elementor-drop-cap-letter{width:1em;height:1em}.elementor-widget-text-editor .elementor-drop-cap{float:left;text-align:center;line-height:1;font-size:50px}.elementor-widget-text-editor .elementor-drop-cap-letter{display:inline-block}<\/style>\t\t\t\t<p>Salon Kapi specjalizuje si\u0119 w sprzeda\u017cy drzwi, okien, pod\u0142\u00f3g i sztukaterii. Zaopatrujemy si\u0119 u polskich producent\u00f3w. W naszej ofercie posiadamy r\u00f3wnie\u017c okna bramy gara\u017cowe, drzwi wewn\u0119trzne i zewn\u0119trzne, panele pod\u0142ogowe, laminowane i winylowe oraz drewniane, listwy wyko\u0144czeniowe, kamie\u0144 dekoracyjny, sztukateri\u0119 parapety, klamki, zadaszenia, rolety, plisy,moskitiery, deski tarasowe. Ca\u0142y ten asortyment mog\u0105 Pa\u0144stwo zakupi\u0107 u nas z pomiarem, transportem oraz monta\u017cem. W naszym Salonie mo\u017cecie Pa\u0144stwo liczy\u0107 na fachow\u0105 pomoc i doradztwo oraz do\u015bwiadczenie. Jeste\u015bmy na rynku od 15 lat.<\/p><p>Zapraszamy<\/p><p>Patrycja i Tomasz S\u0142awi\u0144scy<\/p>\t\t\t\t\t\t<\/div>\n\t\t\t\t<\/div>\n\t\t\t\t\t<\/div>\n\t\t<\/div>\n\t\t\t\t<div class=\"elementor-column elementor-col-50 elementor-top-column elementor-element elementor-element-9143474 elementor-hidden-tablet elementor-hidden-phone\" data-id=\"9143474\" data-element_type=\"column\">\n\t\t\t<div class=\"elementor-widget-wrap elementor-element-populated\">\n\t\t\t\t\t\t\t\t<div class=\"elementor-element elementor-element-440afa2 elementor-widget elementor-widget-image\" data-id=\"440afa2\" data-element_type=\"widget\" data-widget_type=\"image.default\">\n\t\t\t\t<div class=\"elementor-widget-container\">\n\t\t\t<style>\/*! elementor - v3.9.2 - 21-12-2022 *\/\n.elementor-widget-image{text-align:center}.elementor-widget-image a{display:inline-block}.elementor-widget-image a img[src$=\".svg\"]{width:48px}.elementor-widget-image img{vertical-align:middle;display:inline-block}<\/style>\t\t\t\t\t\t\t\t\t\t\t\t<img loading=\"lazy\" decoding=\"async\" width=\"1387\" height=\"2080\" src=\"http:\/\/kapi-stg.pl\/wp-content\/uploads\/2023\/01\/IMG_9041aaa.jpg\" class=\"attachment-full size-full wp-image-823\" alt=\"\" srcset=\"http:\/\/kapi-stg.pl\/wp-content\/uploads\/2023\/01\/IMG_9041aaa.jpg 1387w, http:\/\/kapi-stg.pl\/wp-content\/uploads\/2023\/01\/IMG_9041aaa-200x300.jpg 200w, http:\/\/kapi-stg.pl\/wp-content\/uploads\/2023\/01\/IMG_9041aaa-683x1024.jpg 683w, http:\/\/kapi-stg.pl\/wp-content\/uploads\/2023\/01\/IMG_9041aaa-768x1152.jpg 768w, http:\/\/kapi-stg.pl\/wp-content\/uploads\/2023\/01\/IMG_9041aaa-1024x1536.jpg 1024w, http:\/\/kapi-stg.pl\/wp-content\/uploads\/2023\/01\/IMG_9041aaa-1366x2048.jpg 1366w, http:\/\/kapi-stg.pl\/wp-content\/uploads\/2023\/01\/IMG_9041aaa-854x1280.jpg 854w, http:\/\/kapi-stg.pl\/wp-content\/uploads\/2023\/01\/IMG_9041aaa-800x1200.jpg 800w\" sizes=\"auto, (max-width: 1387px) 100vw, 1387px\" \/>\t\t\t\t\t\t\t\t\t\t\t\t\t\t\t<\/div>\n\t\t\t\t<\/div>\n\t\t\t\t\t<\/div>\n\t\t<\/div>\n\t\t\t\t\t\t\t<\/div>\n\t\t<\/section>\n\t\t\t\t<section class=\"elementor-section elementor-top-section elementor-element elementor-element-8651986 elementor-section-boxed elementor-section-height-default elementor-section-height-default\" data-id=\"8651986\" data-element_type=\"section\">\n\t\t\t\t\t\t<div class=\"elementor-container elementor-column-gap-default\">\n\t\t\t\t\t<div class=\"elementor-column elementor-col-100 elementor-top-column elementor-element elementor-element-d00b2e2\" data-id=\"d00b2e2\" data-element_type=\"column\">\n\t\t\t<div class=\"elementor-widget-wrap elementor-element-populated\">\n\t\t\t\t\t\t\t\t<div class=\"elementor-element elementor-element-fa0d1ba elementor-invisible elementor-widget elementor-widget-google_maps\" data-id=\"fa0d1ba\" data-element_type=\"widget\" data-settings=\"{&quot;_animation&quot;:&quot;fadeIn&quot;}\" data-widget_type=\"google_maps.default\">\n\t\t\t\t<div class=\"elementor-widget-container\">\n\t\t\t<style>\/*! elementor - v3.9.2 - 21-12-2022 *\/\n.elementor-widget-google_maps .elementor-widget-container{overflow:hidden}.elementor-widget-google_maps iframe{height:300px}<\/style>\t\t<div class=\"elementor-custom-embed\">\n\t\t\t<iframe frameborder=\"0\" scrolling=\"no\" marginheight=\"0\" marginwidth=\"0\"\n\t\t\t\t\tsrc=\"https:\/\/maps.google.com\/maps?q=Kr%C4%99ta%201%20Staroagrd%20Gda%C5%84%C5%9Bki&#038;t=m&#038;z=14&#038;output=embed&#038;iwloc=near\"\n\t\t\t\t\ttitle=\"Kr\u0119ta 1 Staroagrd Gda\u0144\u015bki\"\n\t\t\t\t\taria-label=\"Kr\u0119ta 1 Staroagrd Gda\u0144\u015bki\"\n\t\t\t><\/iframe>\n\t\t<\/div>\n\t\t\t\t<\/div>\n\t\t\t\t<\/div>\n\t\t\t\t\t<\/div>\n\t\t<\/div>\n\t\t\t\t\t\t\t<\/div>\n\t\t<\/section>\n\t\t\t\t<section class=\"elementor-section elementor-top-section elementor-element elementor-element-78cee5b elementor-section-boxed elementor-section-height-default elementor-section-height-default\" data-id=\"78cee5b\" data-element_type=\"section\">\n\t\t\t\t\t\t<div class=\"elementor-container elementor-column-gap-default\">\n\t\t\t\t\t<div class=\"elementor-column elementor-col-100 elementor-top-column elementor-element elementor-element-c4fb4db\" data-id=\"c4fb4db\" data-element_type=\"column\">\n\t\t\t<div class=\"elementor-widget-wrap elementor-element-populated\">\n\t\t\t\t\t\t\t\t<div class=\"elementor-element elementor-element-79e55c6 elementor-widget elementor-widget-heading\" data-id=\"79e55c6\" data-element_type=\"widget\" data-widget_type=\"heading.default\">\n\t\t\t\t<div class=\"elementor-widget-container\">\n\t\t\t<h2 class=\"elementor-heading-title elementor-size-small\">Projekt wsp\u00f3\u0142finansowany ze \u015brodk\u00f3w EFER w ramach RPO WP na lata 2014-2020, umowa o powierzenie grantu nr, UDG-SPE.04.2023\/064, kwota uzyskanego dofinansowania: 20.400,00 z\u0142<\/h2>\t\t<\/div>\n\t\t\t\t<\/div>\n\t\t\t\t\t<\/div>\n\t\t<\/div>\n\t\t\t\t\t\t\t<\/div>\n\t\t<\/section>\n\t\t\t\t<section class=\"elementor-section elementor-top-section elementor-element elementor-element-493a7c7 elementor-section-boxed elementor-section-height-default elementor-section-height-default\" data-id=\"493a7c7\" data-element_type=\"section\">\n\t\t\t\t\t\t<div class=\"elementor-container elementor-column-gap-default\">\n\t\t\t\t\t<div class=\"elementor-column elementor-col-100 elementor-top-column elementor-element elementor-element-517f094\" data-id=\"517f094\" data-element_type=\"column\">\n\t\t\t<div class=\"elementor-widget-wrap elementor-element-populated\">\n\t\t\t\t\t\t\t\t<div class=\"elementor-element elementor-element-df4dd64 elementor-widget elementor-widget-image\" data-id=\"df4dd64\" data-element_type=\"widget\" data-widget_type=\"image.default\">\n\t\t\t\t<div class=\"elementor-widget-container\">\n\t\t\t\t\t\t\t\t\t\t\t\t\t\t\t<img loading=\"lazy\" decoding=\"async\" width=\"1024\" height=\"380\" src=\"http:\/\/kapi-stg.pl\/wp-content\/uploads\/2023\/10\/SPEKTRUM_-_tablica__JPG_-1024x380.jpg\" class=\"attachment-large size-large wp-image-854\" alt=\"\" srcset=\"http:\/\/kapi-stg.pl\/wp-content\/uploads\/2023\/10\/SPEKTRUM_-_tablica__JPG_-1024x380.jpg 1024w, http:\/\/kapi-stg.pl\/wp-content\/uploads\/2023\/10\/SPEKTRUM_-_tablica__JPG_-300x111.jpg 300w, http:\/\/kapi-stg.pl\/wp-content\/uploads\/2023\/10\/SPEKTRUM_-_tablica__JPG_-768x285.jpg 768w, http:\/\/kapi-stg.pl\/wp-content\/uploads\/2023\/10\/SPEKTRUM_-_tablica__JPG_-960x356.jpg 960w, http:\/\/kapi-stg.pl\/wp-content\/uploads\/2023\/10\/SPEKTRUM_-_tablica__JPG_.jpg 1418w\" sizes=\"auto, (max-width: 1024px) 100vw, 1024px\" \/>\t\t\t\t\t\t\t\t\t\t\t\t\t\t\t<\/div>\n\t\t\t\t<\/div>\n\t\t\t\t\t<\/div>\n\t\t<\/div>\n\t\t\t\t\t\t\t<\/div>\n\t\t<\/section>\n\t\t\t\t\t\t\t<\/div>\n\t\t","protected":false},"excerpt":{"rendered":"<p>O tym gdzie i Kim jeste\u015bmy Salon Kapi specjalizuje si\u0119 w sprzeda\u017cy drzwi, okien, pod\u0142\u00f3g i sztukaterii. Zaopatrujemy si\u0119 u polskich producent\u00f3w. W naszej ofercie posiadamy r\u00f3wnie\u017c okna bramy gara\u017cowe, drzwi wewn\u0119trzne i zewn\u0119trzne, panele pod\u0142ogowe, laminowane i winylowe oraz drewniane, listwy wyko\u0144czeniowe, kamie\u0144 dekoracyjny, sztukateri\u0119 parapety, klamki, zadaszenia, rolety, plisy,moskitiery, deski tarasowe. Ca\u0142y ten&#8230;<\/p>\n","protected":false},"author":3,"featured_media":0,"parent":0,"menu_order":0,"comment_status":"closed","ping_status":"closed","template":"","meta":{"footnotes":""},"class_list":["post-253","page","type-page","status-publish","hentry"],"_links":{"self":[{"href":"http:\/\/kapi-stg.pl\/index.php\/wp-json\/wp\/v2\/pages\/253","targetHints":{"allow":["GET"]}}],"collection":[{"href":"http:\/\/kapi-stg.pl\/index.php\/wp-json\/wp\/v2\/pages"}],"about":[{"href":"http:\/\/kapi-stg.pl\/index.php\/wp-json\/wp\/v2\/types\/page"}],"author":[{"embeddable":true,"href":"http:\/\/kapi-stg.pl\/index.php\/wp-json\/wp\/v2\/users\/3"}],"replies":[{"embeddable":true,"href":"http:\/\/kapi-stg.pl\/index.php\/wp-json\/wp\/v2\/comments?post=253"}],"version-history":[{"count":29,"href":"http:\/\/kapi-stg.pl\/index.php\/wp-json\/wp\/v2\/pages\/253\/revisions"}],"predecessor-version":[{"id":863,"href":"http:\/\/kapi-stg.pl\/index.php\/wp-json\/wp\/v2\/pages\/253\/revisions\/863"}],"wp:attachment":[{"href":"http:\/\/kapi-stg.pl\/index.php\/wp-json\/wp\/v2\/media?parent=253"}],"curies":[{"name":"wp","href":"https:\/\/api.w.org\/{rel}","templated":true}]}}